2, 13
List the prime factors of 15606.
2, 3, 17
What are the prime factors of 5531?
5531
What are the prime factors of 21689?
23, 41
What are the prime factors of 164080?
2, 5, 7, 293
List the prime factors of 20231.
20231
What are the prime factors of 5629?
13, 433
List the prime factors of 23007.
3, 7669
List the prime factors of 11.
11
List the prime factors of 19971.
3, 7, 317
What are the prime factors of 2026?
2, 1013
What are the prime factors of 39954?
2, 3, 6659
List the prime factors of 3502.
2, 17, 103
What are the prime factors of 931?
7, 19
List the prime factors of 9392.
2, 587
What are the prime factors of 51114?
2, 3, 7, 1217
List the prime factors of 260.
2, 5, 13
List the prime factors of 290.
2, 5, 29
List the prime factors of 181655.
5, 47, 773
List the prime factors of 6778.
2, 3389
What are the prime factors of 119942?
2, 59971
What are the prime factors of 1421?
7, 29
What are the prime factors of 7727?
7727
List the prime factors of 34145.
5, 6829
List the prime factors of 87907.
17, 5171
What are the prime factors of 3788?
2, 947
List the prime factors of 202444.
2, 11, 43, 107
List the prime factors of 118062.
2, 3, 7, 937
What are the prime factors of 2151?
3, 239
What are the prime factors of 1915?
5, 383
What are the prime factors of 59079?
3, 47, 419
List the prime factors of 55691.
55691
List the prime factors of 8752.
2, 547
List the prime factors of 5297.
5297
What are the prime factors of 1652?
2, 7, 59
What are the prime factors of 5234?
2, 2617
What are the prime factors of 11758?
2, 5879
List the prime factors of 759.
3, 11, 23
What are the prime factors of 133?
7, 19
What are the prime factors of 1360?
2, 5, 17
List the prime factors of 11551.
11551
What are the prime factors of 16237?
13, 1249
What are the prime factors of 570?
2, 3, 5, 19
List the prime factors of 9655.
5, 1931
What are the prime factors of 11996?
2, 2999
What are the prime factors of 3304?
2, 7, 59
List the prime factors of 40229.
7, 821
What are the prime factors of 1504?
2, 47
What are the prime factors of 7980?
2, 3, 5, 7, 19
List the prime factors of 69531.
3, 7, 11, 43
What are the prime factors of 14687?
19, 773
What are the prime factors of 1079?
13, 83
List the prime factors of 641.
641
List the prime factors of 4481.
4481
List the prime factors of 1842.
2, 3, 307
List the prime factors of 2141.
2141
List the prime factors of 234.
2, 3, 13
List the prime factors of 326.
2, 163
List the prime factors of 2440.
2, 5, 61
List the prime factors of 3210.
2, 3, 5, 107
List the prime factors of 3259.
3259
What are the prime factors of 33408?
2, 3, 29
What are the prime factors of 72640?
2, 5, 227
List the prime factors of 2154.
2, 3, 359
List the prime factors of 1069.
1069
What are the prime factors of 918?
2, 3, 17
List the prime factors of 4820.
2, 5, 241
What are the prime factors of 387?
3, 43
List the prime factors of 29153.
29153
What are the prime factors of 1584?
2, 3, 11
What are the prime factors of 831?
3, 277
What are the prime factors of 248?
2, 31
List the prime factors of 50529.
3, 16843
List the prime factors of 415.
5, 83
List the prime factors of 2183.
37, 59
What are the prime factors of 358?
2, 179
List the prime factors of 17319.
3, 23, 251
List the prime factors of 200.
2, 5
What are the prime factors of 384?
2, 3
What are the prime factors of 992?
2, 31
List the prime factors of 230.
2, 5, 23
What are the prime factors of 59859?
3, 739
What are the prime factors of 30129?
3, 11, 83
What are the prime factors of 38897?
97, 401
List the prime factors of 160.
2, 5
What are the prime factors of 598?
2, 13, 23
List the prime factors of 7594.
2, 3797
What are the prime factors of 1743?
3, 7, 83
List the prime factors of 8377.
8377
What are the prime factors of 350?
2, 5, 7
What are the prime factors of 10276?
2, 7, 367
What are the prime factors of 1370?
2, 5, 137
List the prime factors of 5003.
5003
List the prime factors of 75824.
2, 7, 677
What are the prime factors of 814?
2, 11, 37
What are the prime factors of 2543?
2543
List the prime factors of 1322.
2, 661
What are the prime factors of 28925?
5, 13, 89
List the prime factors of 26876.
2, 6719
What are the prime factors of 172339?
23, 59, 127
List the prime factors of 30291.
3, 23, 439
List the prime factors of 12969.
3, 11, 131
What are the prime factors of 382?
2, 191
List the prime factors of 120.
2, 3, 5
List the prime factors of 12978.
2, 3, 7, 103
What are the prime factors of 3977?
41, 97
List the prime factors of 474.
2, 3, 79
What are the prime factors of 125703?
3, 13967
What are the prime factors of 284?
2, 71
List the prime factors of 12380.
2, 5, 619
What are the prime factors of 88858?
2, 7, 11, 577
What are the prime factors of 5207?
41, 127
What are the prime factors of 2008?
2, 251
What are the prime factors of 162450?
2, 3, 5, 19
What are the prime factors of 2048?
2
List the prime factors of 1759.
1759
What are the prime factors of 1192?
2, 149
What are the prime factors of 621?
3, 23
List the prime factors of 15450.
2, 3, 5, 103
List the prime factors of 1779.
3, 593
What are the prime factors of 2101?
11, 191
What are the prime factors of 22158?
2, 3, 1231
What are the prime factors of 34550?
2, 5, 691
List the prime factors of 2834.
2, 13, 109
What are the prime factors of 2784?
2, 3, 29
What are the prime factors of 2777?
2777
What are the prime factors of 1799?
7, 257
What are the prime factors of 119493?
3, 11, 17, 71
List the prime factors of 940.
2, 5, 47
What are the prime factors of 34839?
3, 7, 79
What are the prime factors of 3956?
2, 23, 43
What are the prime factors of 353?
353
What are the prime factors of 6062?
2, 7, 433
List the prime factors of 190885.
5, 38177
What are the prime factors of 1034?
2, 11, 47
List the prime factors of 94.
2, 47
List the prime factors of 37432.
2, 4679
List the prime factors of 3429.
3, 127
What are the prime factors of 9036?
2, 3, 251
List the prime factors of 1032.
2, 3, 43
What are the prime factors of 739?
739
List the prime factors of 10445.
5, 2089
What are the prime factors of 96179?
96179
List the prime factors of 4675.
5, 11, 17
List the prime factors of 518.
2, 7, 37
What are the prime factors of 6310?
2, 5, 631
What are the prime factors of 22842?
2, 3, 47
List the prime factors of 47488.
2, 7, 53
List the prime factors of 62199.
3, 6911
List the prime factors of 31294.
2, 15647
List the prime factors of 146.
2, 73
List the prime factors of 2695.
5, 7, 11
What are the prime factors of 4269?
3, 1423
What are the prime factors of 65236?
2, 47, 347
List the prime factors of 3185.
5, 7, 13
List the prime factors of 9698.
2, 13, 373
What are the prime factors of 2004?
2, 3, 167
List the prime factors of 101291.
199, 509
List the prime factors of 8580.
2, 3, 5, 11, 13
List the prime factors of 28611.
3, 11, 17
List the prime factors of 11287.
11287
What are the prime factors of 3660?
2, 3, 5, 61
List the prime factors of 16667.
7, 2381
List the prime factors of 26408.
2, 3301
What are the prime factors of 12884?
2, 3221
List the prime factors of 60940.
2, 5, 11, 277
What are the prime factors of 11107?
29, 383
List the prime factors of 14262.
2, 3, 2377
What are the prime factors of 15114?
2, 3, 11, 229
List the prime factors of 1254.
2, 3, 11, 19
List the prime factors of 1111.
11, 101
List the prime factors of 128997.
3, 11, 1303
List the prime factors of 17268.
2, 3, 1439
List the prime factors of 8684.
2, 13, 167
What are the prime factors of 3102?
2, 3, 11, 47
List the prime factors of 3494.
2, 1747
List the prime factors of 37199.
37199
List the prime factors of 645.
3, 5, 43
What are the prime factors of 73?
73
What are the prime factors of 367?
367
What are the prime factors of 1970?
2, 5, 197
List the prime factors of 8493.
3, 19, 149
What are the prime factors of 109569?
3, 36523
What are the prime factors of 1523?
1523
What are the prime factors of 24360?
2, 3, 5, 7, 29
List the prime factors of 5869.
5869
What are the prime factors of 4750?
2, 5, 19
List the prime factors of 15319.
15319
What are the prime factors of 201274?
2, 157, 641
What are the prime factors of 108354?
2, 3, 18059
List the prime factors of 2731.
2731
What are the prime factors of 4013?
4013
List the pr